{"id":40,"date":"2014-04-16T18:17:55","date_gmt":"2014-04-16T18:17:55","guid":{"rendered":"http:\/\/www.documedia.com.ar\/callesperdidas\/blog\/?page_id=40"},"modified":"2022-05-31T02:10:16","modified_gmt":"2022-05-31T02:10:16","slug":"equipo","status":"publish","type":"page","link":"http:\/\/www.documedia.com.ar\/callesperdidas\/blog\/?page_id=40","title":{"rendered":"Equipo"},"content":{"rendered":"<p style=\"text-align: center;\"><strong style=\"font-size: 1.4rem; line-height: 1.6;\"><a href=\"http:\/\/www.documedia.com.ar\/callesperdidas\/blog\/wp-content\/uploads\/2014\/04\/foto-final-ch.jpg\"><img loading=\"lazy\" class=\"aligncenter  wp-image-74\" alt=\"foto-final-ch\" src=\"http:\/\/www.documedia.com.ar\/callesperdidas\/blog\/wp-content\/uploads\/2014\/04\/foto-final-ch.jpg\" width=\"311\" height=\"185\" srcset=\"http:\/\/www.documedia.com.ar\/callesperdidas\/blog\/wp-content\/uploads\/2014\/04\/foto-final-ch.jpg 1000w, http:\/\/www.documedia.com.ar\/callesperdidas\/blog\/wp-content\/uploads\/2014\/04\/foto-final-ch-300x178.jpg 300w\" sizes=\"(max-width: 311px) 100vw, 311px\" \/><\/a><\/strong><\/p>\n<p><strong>Direcci\u00f3n de proyecto:&nbsp;<\/strong>Fernando Irigaray<\/p>\n<p><strong>Coordinaci\u00f3n Period\u00edstica:<\/strong>&nbsp;Marcelo Colman<\/p>\n<p><strong>Producci\u00f3n Period\u00edstica:<\/strong>&nbsp;Patricio Irisarri, Mat\u00edas Loja, Anabela Alemanno, Gisela Moreno, Anah\u00ed Lovato.<\/p>\n<p><strong>Realizaci\u00f3n Audiovisual:<\/strong>&nbsp;Andr\u00e9s Aseguinolaza, Agust\u00edn Pagliuca, Alejandro Coscarelli.<\/p>\n<p><strong>Postproducci\u00f3n:<\/strong>&nbsp;Mart\u00edn Perez.<\/p>\n<p><strong>Dise\u00f1o y desarrollo multimedia:<\/strong>&nbsp;Joaqu\u00edn Paronzini, Aldo I\u00f1iguez, Marcos Riganti.<\/p>\n<p><strong>Infograf\u00edas y Mapa Interactivo:<\/strong>&nbsp;Aldo I\u00f1iguez, Patricio Irisarri, Gisela Moreno, Anahi Lovato.<\/p>\n<p><strong>Ilustraciones:<\/strong>&nbsp;Andr\u00e9s Aseguinolaza.<\/p>\n<p><strong>Fotograf\u00eda:<\/strong>&nbsp;Sebasti\u00e1n Su\u00e1rez Meccia.<\/p>\n<div><\/div>\n<div><\/div>\n<div>\n<p>&nbsp;<\/p>\n<p><strong>Autoridades<\/strong><\/p>\n<p><strong>Rector:<\/strong> Prof. Dar\u00edo Maiorana<\/p>\n<p><strong>Vicerrector:<\/strong>&nbsp;Mg. Eduardo Seminara<\/p>\n<p><strong>Secretario de Comunicaciones y Medios:<\/strong>&nbsp;Lic. Carlos Colombo<\/p>\n<p><strong>Director de Comunicaci\u00f3n Multimedial:<\/strong>&nbsp;Mg. Fernando Irigaray<\/p>\n<\/div>\n<div style=\"padding-bottom:20px; padding-top:10px;\" class=\"hupso-share-buttons\"><!-- Hupso Share Buttons - https:\/\/www.hupso.com\/share\/ --><a class=\"hupso_toolbar\" href=\"https:\/\/www.hupso.com\/share\/\"><img src=\"http:\/\/static.hupso.com\/share\/buttons\/lang\/es\/share-medium.png\" style=\"border:0px; padding-top: 5px; float:left;\" alt=\"Share Button\"\/><\/a><script type=\"text\/javascript\">var hupso_services_t=new Array(\"Twitter\",\"Facebook\",\"Google Plus\",\"Linkedin\",\"Email\",\"Print\");var hupso_background_t=\"#EAF4FF\";var hupso_border_t=\"#66CCFF\";var hupso_toolbar_size_t=\"medium\";var hupso_image_folder_url = \"\";var hupso_url_t=\"\";var hupso_title_t=\"Equipo\";<\/script><script type=\"text\/javascript\" src=\"http:\/\/static.hupso.com\/share\/js\/share_toolbar.js\"><\/script><!-- Hupso Share Buttons --><\/div>","protected":false},"excerpt":{"rendered":"<p>Direcci\u00f3n de proyecto:&nbsp;Fernando Irigaray Coordinaci\u00f3n Period\u00edstica:&nbsp;Marcelo Colman Producci\u00f3n Period\u00edstica:&nbsp;Patricio Irisarri, Mat\u00edas Loja, Anabela Alemanno, Gisela Moreno, Anah\u00ed Lovato. Realizaci\u00f3n Audiovisual:&nbsp;Andr\u00e9s Aseguinolaza, Agust\u00edn Pagliuca, Alejandro Coscarelli. Postproducci\u00f3n:&nbsp;Mart\u00edn Perez. Dise\u00f1o y desarrollo multimedia:&nbsp;Joaqu\u00edn Paronzini, Aldo I\u00f1iguez, Marcos Riganti. Infograf\u00edas y Mapa Interactivo:&nbsp;Aldo I\u00f1iguez, Patricio Irisarri, Gisela Moreno, Anahi Lovato. Ilustraciones:&nbsp;Andr\u00e9s Aseguinolaza. Fotograf\u00eda:&nbsp;Sebasti\u00e1n Su\u00e1rez Meccia. &nbsp; Autoridades Rector: [&hellip;]<\/p>\n","protected":false},"author":1,"featured_media":0,"parent":0,"menu_order":0,"comment_status":"closed","ping_status":"open","template":"","meta":[],"_links":{"self":[{"href":"http:\/\/www.documedia.com.ar\/callesperdidas\/blog\/index.php?rest_route=\/wp\/v2\/pages\/40"}],"collection":[{"href":"http:\/\/www.documedia.com.ar\/callesperdidas\/blog\/index.php?rest_route=\/wp\/v2\/pages"}],"about":[{"href":"http:\/\/www.documedia.com.ar\/callesperdidas\/blog\/index.php?rest_route=\/wp\/v2\/types\/page"}],"author":[{"embeddable":true,"href":"http:\/\/www.documedia.com.ar\/callesperdidas\/blog\/index.php?rest_route=\/wp\/v2\/users\/1"}],"replies":[{"embeddable":true,"href":"http:\/\/www.documedia.com.ar\/callesperdidas\/blog\/index.php?rest_route=%2Fwp%2Fv2%2Fcomments&post=40"}],"version-history":[{"count":16,"href":"http:\/\/www.documedia.com.ar\/callesperdidas\/blog\/index.php?rest_route=\/wp\/v2\/pages\/40\/revisions"}],"predecessor-version":[{"id":203,"href":"http:\/\/www.documedia.com.ar\/callesperdidas\/blog\/index.php?rest_route=\/wp\/v2\/pages\/40\/revisions\/203"}],"wp:attachment":[{"href":"http:\/\/www.documedia.com.ar\/callesperdidas\/blog\/index.php?rest_route=%2Fwp%2Fv2%2Fmedia&parent=40"}],"curies":[{"name":"wp","href":"https:\/\/api.w.org\/{rel}","templated":true}]}}